ulate the remainder when 137868049 is divided by 3046.
3043
Calculate the remainder when 13059 is divided by 1363.
792
What is the remainder when 304921 is divided by 43502?
407
Calculate the remainder when 6847 is divided by 2254.
85
What is the remainder when 5395788 is divided by 7536?
12
Calculate the remainder when 179619629 is divided by 13.
7
What is the remainder when 16391 is divided by 2528?
1223
Calculate the remainder when 14487559 is divided by 110.
9
What is the remainder when 1056 is divided by 719?
337
What is the remainder when 2460361 is divided by 1504?
1321
What is the remainder when 3751951 is divided by 8665?
6
What is the remainder when 25738 is divided by 8577?
7
Calculate the remainder when 15378057 is divided by 131.
98
What is the remainder when 87893473 is divided by 3557?
3
Calculate the remainder when 1407234 is divided by 56288.
34
Calculate the remainder when 321145 is divided by 13378.
73
Calculate the remainder when 196653 is divided by 12284.
109
What is the remainder when 167015903 is divided by 66?
65
What is the remainder when 8832826 is divided by 883282?
6
Calculate the remainder when 321613 is divided by 40201.
5
What is the remainder when 205794 is divided by 102690?
414
What is the remainder when 10033781 is divided by 2857?
2854
Calculate the remainder when 1411690 is divided by 330.
280
Calculate the remainder when 219612 is divided by 54872.
124
Calculate the remainder when 258904 is divided by 77.
30
Calculate the remainder when 96982 is divided by 95633.
1349
What is the remainder when 23615278 is divided by 69253?
5
What is the remainder when 452319347 is divided by 56539917?
11
Calculate the remainder when 220752 is divided by 20065.
37
What is the remainder when 634637 is divided by 8448?
1037
Calculate the remainder when 18903697 is divided by 96942.
7
What is the remainder when 279305 is divided by 3675?
5
What is the remainder when 306946 is divided by 33958?
1324
What is the remainder when 101706 is divided by 50150?
1406
Calculate the remainder when 1107169 is divided by 369056.
1
Calculate the remainder when 162671 is divided by 1493.
1427
What is the remainder when 1453841 is divided by 207690?
11
Calculate the remainder when 335958 is divided by 335322.
636
What is the remainder when 254530 is divided by 483?
472
What is the remainder when 28128532 is divided by 81062?
18
What is the remainder when 240287 is divided by 1087?
60
Calculate the remainder when 337167 is divided by 312.
207
What is the remainder when 54236 is divided by 3187?
57
Calculate the remainder when 277740 is divided by 436.
8
Calculate the remainder when 245484 is divided by 81393.
1305
Calculate the remainder when 1289502 is divided by 429728.
318
Calculate the remainder when 7162182 is divided by 137.
96
Calculate the remainder when 2843228 is divided by 6.
2
What is the remainder when 205158 is divided by 433?
349
What is the remainder when 2733351 is divided by 1366545?
261
Calculate the remainder when 2842728 is divided by 474.
150
Calculate the remainder when 7959097 is divided by 107.
9
Calculate the remainder when 60326529 is divided by 268.
265
What is the remainder when 5687816 is divided by 2843828?
160
Calculate the remainder when 797742 is divided by 2933.
2899
Calculate the remainder when 11654329 is divided by 2330860.
29
Calculate the remainder when 9337308 is divided by 16703.
331
What is the remainder when 773079 is divided by 386435?
209
Calculate the remainder when 1109344 is divided by 3405.
2719
What is the remainder when 118192 is divided by 39354?
130
What is the remainder when 101578 is divided by 2837?
2283
What is the remainder when 435386 is divided by 5309?
48
Calculate the remainder when 20734050 is divided by 4832.
4770
Calculate the remainder when 749386 is divided by 46836.
10
Calculate the remainder when 43628513 is divided by 10907128.
1
Calculate the remainder when 122276 is divided by 24303.
761
Calculate the remainder when 177280 is divided by 511.
474
What is the remainder when 2234548 is divided by 1156?
0
Calculate the remainder when 427248 is divided by 47443.
261
Calculate the remainder when 399332 is divided by 4605.
3302
Calculate the remainder when 73993329 is divided by 147.
144
Calculate the remainder when 3845 is divided by 2874.
971
Calculate the remainder when 1638145 is divided by 25181.
1380
What is the remainder when 433570 is divided by 18033?
778
What is the remainder when 76335 is divided by 384?
303
Calculate the remainder when 157121 is divided by 15592.
1201
Calculate the remainder when 130921 is divided by 271.
28
Calculate the remainder when 161998654 is divided by 3185.
3184
Calculate the remainder when 543885487 is divided by 1491.
1489
What is the remainder when 36141659 is divided by 933?
38
What is the remainder when 13797651 is divided by 16?
3
What is the remainder when 414727 is divided by 414612?
115
What is the remainder when 638283 is divided by 319121?
41
Calculate the remainder when 17343 is divided by 4317.
75
What is the remainder when 33086986 is divided by 5514497?
4
Calculate the remainder when 208800575 is divided by 1824.
1823
What is the remainder when 17794 is divided by 188?
122
Calculate the remainder when 119696 is divided by 1185.
11
What is the remainder when 2948660 is divided by 497?
456
What is the remainder when 1522620 is divided by 40?
20
What is the remainder when 2598136 is divided by 921?
916
What is the remainder when 7632745 is divided by 549?
547
What is the remainder when 49911 is divided by 542?
47
What is the remainder when 3089399 is divided by 284?
47
Calculate the remainder when 1380604 is divided by 8850.
4
What is the remainder when 569041 is divided by 9893?
5140
Calculate the remainder when 38366 is divided by 9575.
66
What is the remainder when 3740338 is divided by 989?
929
What is the remainder when 1689181 is divided by 79?
3
Calculate the remainder when 1506245 is divided by 1506096.
149
What is the remainder when 1585949 is divided by 25997?
132
What is the remainder when 23324 is divided by 2227?
1054
What is the remainder when 254226557 is divided by 104?
13
What is the remainder when 9677568 is divided by 779?
51
What is the remainder when 472261 is divided by 472136?
125
What is the remainder when 11989805 is divided by 124?
121
Calculate the remainder when 25258127 is divided by 7.
6
What is the remainder when 59181671 is divided by 57?
53
What is the remainder when 155560 is divided by 7407?
13
Calculate the remainder when 100907 is divided by 116.
103
Calculate the remainder when 25784 is divided by 3347.
2355
Calculate the remainder when 283553 is divided by 610.
513
Calculate the remainder when 69383 is divided by 472.
471
Calculate the remainder when 2256021 is divided by 571.
0
What is the remainder when 16436 is divided by 14771?
1665
What is the remainder when 25027 is divided by 27?
25
Calculate the remainder when 20161053 is divided by 5040225.
153
Calculate the remainder when 641620 is divided by 6683.
52
What is the remainder when 7718724 is divided by 1602?
288
Calculate the remainder when 191093 is divided by 5308.
5
What is the remainder when 565957 is divided by 22615?
582
What is the remainder when 3524366 is divided by 19?
18
Calculate the remainder when 7566555 is divided by 143.
139
What is the remainder when 106884 is divided by 2820?
2544
Calculate the remainder when 7726118 is divided by 114.
110
What is the remainder when 96312 is divided by 3334?
2960
Calculate the remainder when 6511942 is divided by 182.
164
What is the remainder when 10866208 is divided by 1939?
52
What is the remainder when 801247 is divided by 675?
22
What is the remainder when 323652 is divided by 107875?
27
Calculate the remainder when 4738193 is divided by 10146.
11
Calculate the remainder when 31498 is divided by 3825.
898
Calculate the remainder when 38185459 is divided by 4138.
4133
What is the remainder when 521561 is divided by 70?
61
What is the remainder when 853617 is divided by 25104?
81
Calculate the remainder when 191996 is divided by 20603.
6569
What is the remainder when 2744796 is divided by 14678?
10
What is the remainder when 48501932 is divided by 5435?
5427
Calculate the re